-119*x - 14923. Determine u(-125).
-48
Let p(u) = -u**2 - 3*u + 261. Give p(15).
-9
Let r(w) = -2*w**2 - 630*w + 1266. Determine r(2).
-2
Let p(f) = 3*f - 13. Calculate p(-11).
-46
Let c(j) = -4*j**2 - 150*j - 17. Determine c(-37).
57
Let k(o) = -o**3 + 44*o**2 + 951*o + 523. Determine k(60).
-17
Let f(x) = -122*x + 637. Give f(5).
27
Let j(n) = -27*n**2 + 175*n + 7. What is j(6)?
85
Let v(m) = -4*m**2 - 29*m - 14. Determine v(-8).
-38
Let j(r) = r**2 + 14*r - 919. What is j(24)?
-7
Let g(b) = 2*b**3 + 71*b**2 - 51*b - 504. What is g(-36)?
36
Let f(l) = 10*l**2 - 19*l - 70. Give f(4).
14
Let o(h) = 3*h**2 - 91*h + 336. Give o(26).
-2
Let x(v) = -301*v + 4521. Give x(15).
6
Let o(b) = 2*b**2 - 764*b + 9689. Calculate o(13).
95
Let y(b) = 42*b**3 + 8*b**2 - 4*b. What is y(2)?
360
Let b(l) = l**3 + 33*l**2 + 211*l - 131. Give b(-24).
-11
Let z(s) = 13*s**2 + 125*s + 5. What is z(-8)?
-163
Let u(s) = s**3 - 10*s**2 - 14*s + 82. Calculate u(11).
49
Let o(i) = -26*i**3 + i**2 - 32*i + 31. Give o(1).
-26
Let i(n) = n**3 - 3*n**2 - 76*n - 27. What is i(-7)?
15
Let s(f) = -f**2 - 80*f - 405. What is s(-70)?
295
Let c(l) = -462*l**2 - 34*l - 32. Determine c(-1).
-460
Let s(y) = 2*y**3 + 30*y**2 + 22*y + 329. Give s(-15).
-1
Let h(b) = -b**2 - 7737*b + 23218. Calculate h(3).
-2
Let o(s) = 12*s - 92. Calculate o(26).
220
Let n(c) = 17*c - 130. Calculate n(31).
397
Let f(m) = 88*m + 166. Calculate f(-2).
-10
Let k(b) = 3*b**3 + 9*b**2 - 55. Give k(-5).
-205
Let n(p) = 5*p**3 - 89*p**2 - 12*p - 45. Calculate n(18).
63
Let c(m) = 62*m - 1829. What is c(30)?
31
Let n(t) = -93*t - 545. Give n(-6).
13
Let r(v) = -7*v + 56. Determine r(5).
21
Let w(l) = 2*l**2 - 354. Determine w(16).
158
Let p(n) = -n**2 + 1734*n - 5204. Calculate p(3).
-11
Let l(u) = 7002*u + 70028. Determine l(-10).
8
Let g(p) = 509*p + 509. Give g(-1).
0
Let q(n) = n**3 + 71*n**2 - 158*n - 871. Determine q(-73).
5
Let y(m) = 6*m**2 - 6*m + 42. Give y(4).
114
Let n(l) = -l**3 + 12*l**2 + 26*l - 16. What is n(8)?
448
Let k(z) = z**3 + 15*z**2 - 105*z + 2. Determine k(5).
-23
Let q(k) = -34*k**2 - 2316*k - 110. What is q(-68)?
162
Let q(s) = 41*s - 827. Give q(43).
936
Let v(q) = -q**3 - 23*q**2 - 3*q - 106. Determine v(-23).
-37
Let g(j) = -69*j**2 - 153*j. What is g(-3)?
-162
Let v(f) = -9*f**2 + 964*f - 98. What is v(107)?
9
Let a(b) = -2*b**2 - 242*b + 5676. Give a(-141).
36
Let n(v) = v**3 - 70*v**2 + 1102*v + 65. Give n(24).
17
Let n(r) = 12119*r + 193899. Calculate n(-16).
-5
Let j(x) = 358*x + 7876. Determine j(-22).
0
Let q(d) = -d**3 - 40*d**2 - 6*d - 439. Determine q(-40).
-199
Let l(c) = 5*c - 220. Calculate l(39).
-25
Let r(z) = -z**3 - 10*z + 52. Determine r(0).
52
Let z(g) = -1021*g + 17427. What is z(17)?
70
Let v(d) = -d**3 - d**2 + 94*d - 40. Calculate v(9).
-4
Let c(f) = -f**2 - 38*f + 104. Give c(-42).
-64
Let s(v) = -2*v**3 + 7*v**2 + 20*v + 20. Calculate s(6).
-40
Let w(v) = -v**3 - 18*v**2 - 68*v - 10. Give w(-12).
-58
Let u(n) = n**3 - 46*n**2 + 115*n + 619. Give u(43).
17
Let g(t) = t**3 + 11*t**2 - 36*t + 33. Determine g(-14).
-51
Let q(n) = 19*n - 633. Calculate q(30).
-63
Let m(p) = 8*p**2 + 8*p - 25. Calculate m(5).
215
Let n(d) = -d**3 + 159*d**2 + 321*d + 101. Calculate n(161).
-60
Let y(n) = n**3 - 35*n**2 + 39*n + 1832. Give y(32).
8
Let i(a) = -a**2 - 6*a + 35. Determine i(-12).
-37
Let y(f) = f**3 + 10*f**2 - 17*f + 8. What is y(-10)?
178
Let a(t) = 4662*t - 37305. Calculate a(8).
-9
Let k(j) = -86*j + 4814. Give k(55).
84
Let r(y) = 128*y - 261. Determine r(2).
-5
Let m(g) = -16*g**3 - 36*g**2 - 19*g + 17. Give m(-5).
1212
Let f(c) = -21*c**2 + 65*c - 46. Give f(2).
0
Let j(z) = -111*z + 9714. What is j(89)?
-165
Let j(t) = t**2 + 268*t + 4026. Determine j(-16).
-6
Let z(f) = -30*f + 507. Give z(20).
-93
Let w(f) = -2*f**2 + 27*f - 81. Determine w(16).
-161
Let x(k) = k**3 - k**2 - 7*k - 15. What is x(0)?
-15
Let n(b) = -b**3 - 22*b**2 + b - 9. Determine n(-22).
-31
Let r(p) = 19*p**2 - 126*p - 19. Determine r(7).
30
Let i(g) = 5*g**2 - 10*g - 16. Determine i(6).
104
Let k(a) = -124*a + 27153. Determine k(219).
-3
Let z(k) = -k**3 + 117*k**2 - 104*k - 1397. What is z(116)?
-5
Let x(v) = -v**2 + 31*v - 300. Calculate x(17).
-62
Let k(d) = 6*d**3 + 5*d**2 + d - 19. What is k(-2)?
-49
Let t(b) = 551*b - 1086. Give t(2).
16
Let j(o) = -2*o**3 + 35*o**2 - 20*o - 83. Calculate j(17).
-134
Let b(r) = -82*r + 241. Calculate b(-2).
405
Let n(v) = -v**2 - 386*v + 767. Determine n(2).
-9
Let q(n) = -2*n**3 + 467*n**2 - 689*n - 1626. Calculate q(232).
-2
Let r(j) = -j**2 - 6*j + 326. Calculate r(-21).
11
Let z(c) = -2*c**3 + 62*c**2 - 52*c - 43. What is z(30)?
197
Let v(o) = -214*o**2 + 1509*o - 75. Calculate v(7).
2
Let n(p) = p**3 + 7*p**2 + 2*p + 76. Determine n(-8).
-4
Let c(a) = 9*a - 50. Give c(5).
-5
Let y(v) = -4*v**3 + 44*v**2 + 6. Calculate y(11).
6
Let s(f) = 9*f**2 - 745*f + 745. What is s(1)?
9
Let l(a) = 46*a - 427. What is l(9)?
-13
Let r(c) = 2362*c - 16549. Give r(7).
-15
Let b(p) = 19*p + 37. Give b(-2).
-1
Let a(t) = -39*t + 1504. Give a(38).
22
Let n(c) = -1920*c - 15352. Calculate n(-8).
8
Let t(i) = -13*i**2 - 212*i + 37. Calculate t(-16).
101
Let a(n) = -7*n**2 + 210*n - 208. What is a(29)?
-5
Let i(p) = p**2 - 100*p - 211. Determine i(102).
-7
Let p(g) = 216*g + 18008. What is p(-84)?
-136
Let c(s) = 10*s**2 - 505*s + 113. Determine c(51).
368
Let c(s) = -44*s - 459. Calculate c(-9).
-63
Let x(v) = -27*v**3 - 833*v**2 + 120*v - 128. Give x(-31).
-4
Let c(p) = p**3 + 31*p**2 + 41*p - 486. Give c(-29).
7
Let o(q) = 2*q + 864. What is o(25)?
914
Let b(x) = 504*x - 7543. Give b(15).
17
Let q(j) = 40*j + 1195. Give q(-26).
155
Let c(t) = 122*t**2 - 1575*t - 152. Give c(13).
-9
Let c(g) = -113*g**2 + 130*g - 129. Calculate c(1).
-112
Let w(p) = -p**3 - 11*p**2 - 3*p + 11. Calculate w(-10).
-59
Let q(y) = 12*y - 214. What is q(-7)?
-298
Let q(k) = -k**3 - 21*k**2 + 88*k + 38. Determine q(4).
-10
Let u(t) = -12*t**3 - t**2 + 2*t + 1. What is u(-1)?
10
Let r(g) = -12*g**2 + 2*g - 5. Determine r(6).
-425
Let g(o) = 2*o**3 - 13*o**2 - 24*o - 1. Give g(7).
-120
Let l(c) = 4*c - 183. What is l(47)?
5
Let u(a) = -a**2 + 61*a + 322. Calculate u(-5).
-8
Let k(s) = -s**3 + 131*s**2 - 134*s + 514. Give k(130).
-6
Let i(j) = j**2 + 465*j - 5648. Give i(12).
76
Let k(a) = -6*a**2 - 17*a + 87. Give k(-4).
59
Let x(h) = 724*h**2 - 3621*h - 11. Give x(5).
-16
Let f(g) = 14*g**2 - 73*g - 67. Calculate f(6).
-1
Let i(q) = -6*q**2 + 172*q - 49. Calculate i(28).
63
Let s(x) = -x**3 - 5*x**2 + 19*x + 42. Calculate s(-7).
7
Let o(b) = -11*b**3 + 10*b**2 + 20*b + 8. Give o(-2).
96
Let u(q) = -9*q**2 + 430*q + 427. What is u(-1)?
-12
Let a(o) = -340*o - 2. Give a(1).
-342
Let k(r) = -4*r**2 + 87*r - 396. What is k(20)?
-256
Let a(r) = -13*r**2 - 5*r - 20. What is a(-4)?
-208
Let o(x) = -52*x - 150. Calculate o(-3).
6
Let z(t) = -393*t - 1232. Give z(-3).
-53
Let r(b) = 4*b**2 + 8*b - 18. Give r(-6).
78
Let o(l) = -22*l + 184. Calculate o(13).
-102
Let a(u) = 7*u**2 + 249*u + 142. Determine a(-35).
2
Let d(a) = -33*a + 133. Give d(7).
-98
Let f(r) = 23*r - 113. What is f(5)?
2
Let o(h) = -62*h**2 + 4703*h + 703. What is o(76)?
19
Let c(n) = n**3 - 65*n**2 - 201*n - 153. Determine c(68).
51
Let s(r) = -79*r + 176. What is s(2)?
18
Let c(f) = 6*f**3 + 133*f**2 + 20*f - 45. What is c(-22)?
-1
Let z(t) = 155*t - 3055. Determine z(19).
-110
Let q(w) = 2*w**3 - 30*w**2 + 134*w - 2652. What is q(16)?
4
Let a(x) = -36*x - 99. Give a(-4).
45
Let d(t) = t**2 - 15*t - 50. Determine d(9).
-104
Let o(b) = 5*b**2 + 18*b - 257. Give o(6).
31
Let m(a) = -a**3 + 10*a**2 - 58*a + 733. Calculate m(11).
-26
Let z(l) = -397*l - 21842. Determine z(-55).
-7
Let z(p) = -11*p**2 + 458*p + 63. Give z(42).
-105
Let w(p) = p**2 - 27*p - 208. Give w(33).
-10
Let t(n) = -11*n**2 - 211*n - 42. Calculate t(-12).
906
Let n(p) = -p**3 - 5*p**2 - 527*p - 14. Give n(0).
-14
Let h(y) = 9*y - 265. Determine h(10).
-175
Let s(z) = -z**3 - 6*z**2 + 7*z + 65. Calculate s(-5).
5
Let a(i) = -53*i + 3116. Determine a(59).
-11
Let d(r) = 268*r + 1337. Calculate d(-5).
-3
Let l(t) = t**3 - 8*t**2 - 40*t + 142. Give l(10).
-58
Let j(f) = 6023*f - 12038. What is j(2)?
8
Let h(t) = -471*t + 32020. Calculate h(68).
-8
Let j